99
Calculate the greatest common factor of 11363640 and 230139.
843
What is the highest common factor of 86044 and 384664?
28
What is the greatest common factor of 1683 and 818312?
187
What is the greatest common factor of 828211851 and 1062?
531
Calculate the greatest common divisor of 21498 and 920831.
3583
What is the greatest common divisor of 63562856 and 364?
28
What is the highest common divisor of 445323 and 3053375?
1879
What is the greatest common factor of 1106 and 194937872?
158
Calculate the highest common factor of 12367 and 1827932.
149
What is the greatest common factor of 391 and 22385651?
17
Calculate the highest common factor of 1025 and 1176750.
25
What is the highest common divisor of 1109 and 56824051?
1109
Calculate the greatest common factor of 72571 and 8649.
31
Calculate the greatest common divisor of 1436256 and 5688.
72
What is the highest common factor of 2651 and 268368683?
2651
Calculate the greatest common divisor of 120526083 and 27.
27
What is the greatest common divisor of 46986 and 9125598?
1146
What is the greatest common divisor of 27210 and 560?
10
Calculate the greatest common divisor of 593640 and 5140.
20
Calculate the highest common divisor of 32985408 and 384.
192
Calculate the highest common divisor of 131455 and 1230505.
2155
Calculate the greatest common divisor of 187211535 and 8610.
4305
Calculate the highest common factor of 7965 and 32565345.
885
What is the greatest common factor of 178083274 and 797?
797
What is the highest common factor of 3855 and 60785?
5
Calculate the greatest common factor of 188 and 2813087.
1
What is the greatest common factor of 118569990 and 110?
110
Calculate the greatest common divisor of 2413055 and 5135.
395
What is the highest common divisor of 3927 and 212456310?
561
What is the highest common factor of 1527 and 921?
3
What is the highest common divisor of 5 and 214446?
1
Calculate the greatest common factor of 583198 and 1329778.
1082
What is the greatest common factor of 177346 and 78481?
13
What is the greatest common factor of 480567334 and 1846?
1846
What is the greatest common factor of 764008 and 133672?
392
What is the highest common factor of 21 and 174735330?
21
What is the highest common divisor of 937 and 5381191?
937
Calculate the greatest common divisor of 1620451 and 182.
7
Calculate the greatest common factor of 1098 and 3715815.
183
Calculate the greatest common divisor of 13166 and 301368.
58
Calculate the highest common divisor of 162997579 and 1527.
509
What is the highest common divisor of 10944 and 149796?
684
Calculate the highest common divisor of 273630014 and 98.
98
What is the highest common divisor of 6500 and 7963800?
1300
Calculate the highest common factor of 14901 and 21750493.
4967
What is the greatest common factor of 988714727 and 143?
143
What is the greatest common factor of 84 and 23774716?
28
Calculate the highest common factor of 373662413 and 11702.
5851
Calculate the highest common factor of 1608 and 266374848.
1608
Calculate the highest common divisor of 342083 and 56.
7
Calculate the highest common divisor of 5921713 and 1085.
217
Calculate the highest common divisor of 2412 and 158796.
36
Calculate the greatest common divisor of 1424605 and 294035.
1085
What is the greatest common divisor of 309088644 and 3612?
516
What is the greatest common divisor of 3976941 and 129?
129
Calculate the highest common divisor of 245 and 299830580.
35
Calculate the highest common factor of 6546835 and 51175.
115
What is the highest common factor of 23247455 and 35?
35
Calculate the greatest common factor of 18024347 and 7132.
1783
What is the greatest common divisor of 9788 and 272833159?
2447
What is the highest common divisor of 4098353 and 4277?
329
What is the greatest common factor of 432 and 5253488?
16
Calculate the highest common divisor of 72250 and 395114.
34
Calculate the greatest common factor of 6435163 and 26299.
2023
What is the greatest common divisor of 2536106640 and 240?
240
What is the highest common divisor of 1757646758 and 2107?
2107
What is the highest common factor of 51371937 and 249?
249
What is the greatest common divisor of 407 and 20293603?
11
What is the greatest common divisor of 42102295 and 1756?
439
Calculate the greatest common divisor of 168117003 and 201.
201
What is the greatest common factor of 1585384800 and 16?
16
What is the greatest common divisor of 135104 and 4176?
16
What is the highest common divisor of 541169676 and 144?
36
What is the highest common divisor of 78 and 206910652?
26
What is the greatest common divisor of 257446 and 3484586?
3626
Calculate the highest common divisor of 50 and 3587380.
10
What is the highest common divisor of 592 and 235515508?
148
Calculate the highest common factor of 3 and 390205.
1
Calculate the highest common divisor of 58088 and 247616.
424
Calculate the greatest common factor of 45 and 697625.
5
What is the highest common factor of 138152208 and 886?
886
Calculate the highest common factor of 4135186 and 11264.
22
What is the highest common factor of 951785 and 140?
5
What is the highest common divisor of 74940 and 14460?
60
What is the highest common divisor of 920800 and 2077555?
5755
Calculate the highest common factor of 40684492 and 2868.
956
Calculate the highest common factor of 34419577 and 187.
17
Calculate the highest common factor of 13280707 and 2156.
11
Calculate the highest common factor of 57792389 and 29.
29
What is the greatest common factor of 1026 and 59127462?
54
What is the greatest common divisor of 2605988 and 4676?
28
What is the greatest common factor of 709594145 and 65?
65
What is the highest common divisor of 200387716 and 2384?
596
What is the highest common factor of 181 and 85988213?
181
Calculate the greatest common factor of 166 and 262705.
1
What is the greatest common divisor of 3983 and 20692?
7
What is the greatest common divisor of 81636956 and 13136?
3284
What is the highest common factor of 1412280 and 540?
180
What is the greatest common factor of 144486485 and 51?
17
Calculate the highest common factor of 20636616 and 41184.
3432
Calculate the greatest common factor of 4095 and 1168804.
91
Calculate the highest common factor of 74375 and 25228.
119
What is the highest common divisor of 46925486 and 1257?
419
Calculate the greatest common factor of 883 and 42081131.
883
Calculate the highest common divisor of 1125773 and 8003.
53
Calculate the highest common factor of 54 and 3333810.
6
What is the highest common divisor of 177226482 and 870?
174
What is the highest common factor of 233369400 and 57?
57
Calculate the highest common divisor of 10682990 and 3340.
1670
Calculate the greatest common factor of 620946 and 8586.
162
What is the highest common divisor of 119253 and 329946?
381
Calculate the highest common divisor of 9893467 and 37.
37
Calculate the highest common factor of 26426 and 267326.
146
Calculate the greatest common factor of 2002 and 15721082.
26
Calculate the highest common divisor of 40 and 973165720.
40
Calculate the highest common factor of 54756 and 8964.
108
Calculate the greatest common factor of 1073916 and 450.
18
Calculate the highest common divisor of 576 and 12434112.
576
Calculate the highest common divisor of 7567 and 127722.
7
Calculate the greatest common divisor of 30 and 1835592225.
15
Calculate the highest common divisor of 33106545 and 1035.
1035
What is the greatest common divisor of 72008 and 8704?
8
What is the highest common divisor of 2440 and 47038808?
488
What is the greatest common factor of 20075 and 14149225?
1825
What is the greatest common divisor of 3913 and 3659864?
13
What is the greatest common factor of 396 and 2631108?
12
Calculate the greatest common factor of 96 and 2093984.
32
Calculate the highest common factor of 8024216 and 940.
188
Calculate the highest common divisor of 3111100 and 11650.
50
Calculate the greatest common divisor of 55 and 28305992.
11
What is the greatest common factor of 165 and 62148669?
33
Calculate the greatest common factor of 41001444 and 396.
396
Calculate the highest common divisor of 418685212 and 61.
61
Calculate the highest common factor of 1888 and 19261730.
118
Calculate the highest common factor of 102466653 a